
What is the hundreds digit of 365003?
0
What is the thousands digit of 10797453?
7
What is the hundred thousands digit of 465185?
4
What is the tens digit of 4691439?
3
What is the hundred thousands digit of 2334649?
3
What is the ten thousands digit of 16517002?
1
What is the units digit of 2512852?
2
What is the hundreds digit of 333316?
3
What is the ten millions digit of 10026244?
1
What is the thousands digit of 121147?
1
What is the hundreds digit of 39473?
4
What is the millions digit of 4822968?
4
What is the hundreds digit of 14277141?
1
What is the thousands digit of 447309?
7
What is the millions digit of 30120420?
0
What is the thousands digit of 13366279?
6
What is the millions digit of 2843091?
2
What is the ten thousands digit of 2454700?
5
What is the hundred thousands digit of 3935311?
9
What is the units digit of 201193?
3
What is the units digit of 7544918?
8
What is the ten thousands digit of 7774477?
7
What is the hundreds digit of 789243?
2
What is the tens digit of 2655180?
8
What is the thousands digit of 18154740?
4
What is the ten thousands digit of 360225?
6
What is the tens digit of 37270143?
4
What is the tens digit of 119483?
8
What is the units digit of 7791019?
9
What is the thousands digit of 1113527?
3
What is the tens digit of 548527?
2
What is the ten thousands digit of 66100?
6
What is the hundreds digit of 988805?
8
What is the units digit of 719098?
8
What is the ten thousands digit of 230319?
3
What is the units digit of 10097?
7
What is the thousands digit of 304535?
4
What is the tens digit of 19048718?
1
What is the millions digit of 9048502?
9
What is the ten thousands digit of 7130575?
3
What is the ten millions digit of 10255127?
1
What is the ten thousands digit of 3626604?
2
What is the ten thousands digit of 1931207?
3
What is the units digit of 1910997?
7
What is the tens digit of 259450?
5
What is the tens digit of 153784?
8
What is the millions digit of 1832331?
1
What is the tens digit of 1719936?
3
What is the hundred thousands digit of 453674?
4
What is the units digit of 3966198?
8
What is the hundred thousands digit of 600268?
6
What is the millions digit of 2432930?
2
What is the hundred thousands digit of 3321960?
3
What is the hundred thousands digit of 413997?
4
What is the hundreds digit of 657976?
9
What is the thousands digit of 286622?
6
What is the hundred thousands digit of 5240035?
2
What is the thousands digit of 10504642?
4
What is the hundreds digit of 76799?
7
What is the units digit of 1353588?
8
What is the ten millions digit of 35521996?
3
What is the hundred thousands digit of 472724?
4
What is the hundred thousands digit of 5524702?
5
What is the tens digit of 9195283?
8
What is the hundred thousands digit of 6109292?
1
What is the tens digit of 205495?
9
What is the thousands digit of 37987516?
7
What is the hundred thousands digit of 2685031?
6
What is the tens digit of 187164?
6
What is the hundred thousands digit of 401925?
4
What is the units digit of 329427?
7
What is the units digit of 2435695?
5
What is the thousands digit of 13643405?
3
What is the hundred thousands digit of 284674?
2
What is the units digit of 4884512?
2
What is the tens digit of 105562?
6
What is the thousands digit of 8271186?
1
What is the tens digit of 823799?
9
What is the units digit of 4188633?
3
What is the units digit of 24988?
8
What is the millions digit of 24053861?
4
What is the millions digit of 1443453?
1
What is the thousands digit of 147805?
7
What is the hundred thousands digit of 2478030?
4
What is the ten thousands digit of 364863?
6
What is the units digit of 809209?
9
What is the ten thousands digit of 1176392?
7
What is the hundred thousands digit of 974656?
9
What is the ten thousands digit of 183791?
8
What is the hundred thousands digit of 879842?
8
What is the tens digit of 668145?
4
What is the millions digit of 1950055?
1
What is the units digit of 4785926?
6
What is the tens digit of 568860?
6
What is the tens digit of 6414105?
0
What is the ten thousands digit of 1373376?
7
What is the thousands digit of 23777?
3
What is the ten thousands digit of 3708831?
0
What is the ten thousands digit of 507331?
0
What is the units digit of 41756?
6
What is the millions digit of 3594144?
3
What is the hundreds digit of 525565?
5
What is the tens digit of 6337921?
2
What is the hundred thousands digit of 443098?
4
What is the millions digit of 1291946?
1
What is the thousands digit of 170000?
0
What is the hundred thousands digit of 2442271?
4
What is the millions digit of 15667327?
5
What is the thousands digit of 2539204?
9
What is the thousands digit of 249298?
9
What is the thousands digit of 534429?
4
What is the units digit of 683553?
3
What is the units digit of 2908498?
8
What is the hundreds digit of 207554?
5
What is the hundreds digit of 3500979?
9
What is the hundred thousands digit of 3473187?
4
What is the hundreds digit of 573921?
9
What is the units digit of 24120127?
7
What is the millions digit of 9455529?
9
What is the ten thousands digit of 6155074?
5
What is the tens digit of 1616963?
6
What is the ten thousands digit of 19927?
1
What is the tens digit of 2698693?
9
What is the ten thousands digit of 720386?
2
What is the ten thousands digit of 1930997?
3
What is the hundreds digit of 5802301?
3
What is the hundreds digit of 336560?
5
What is the tens digit of 476793?
9
What is the millions digit of 1121818?
1
What is the millions digit of 1244130?
1
What is the hundred thousands digit of 922594?
9
What is the thousands digit of 10015052?
5
What is the hundreds digit of 5163071?
0
What is the thousands digit of 222685?
2
What is the ten thousands digit of 110285?
1
What is the units digit of 11822830?
0
What is the hundred thousands digit of 12768827?
7
What is the units digit of 82834?
4
What is the units digit of 153883?
3
What is the hundreds digit of 1502959?
9
What is the tens digit of 97124?
2
What is the hundreds digit of 8061674?
6
What is the hundreds digit of 4210992?
9
What is the units digit of 62819?
9
What is the hundred thousands digit of 5967189?
9
What is the tens digit of 194820?
2
What is the tens digit of 5439114?
1
What is the ten thousands digit of 7799171?
9
What is the thousands digit of 5825362?
5
What is the hundreds digit of 6647148?
1
What is the tens digit of 3636838?
3
What is the ten thousands digit of 1652701?
5
What is the hundreds digit of 2138896?
8
What is the tens digit of 63713?
1
What is the units digit of 1466145?
5
What is the units digit of 1456383?
3
What is the hundred thousands digit of 281438?
2
What is the tens digit of 7762019?
1
What is the tens digit of 386395?
9
What is the ten thousands digit of 925759?
2
What is the units digit of 234901?
1
What is the hundred thousands digit of 1395333?
3
What is the millions digit of 1271738?
1
What is the ten thousands digit of 20250500?
5
What is the hundreds digit of 13426913?
9
What is the ten thousands digit of 166787?
6
What is the thousands digit of 771842?
1
What is the ten thousands digit of 184297?
8
What is the units digit of 1828541?
1
What is the hundred thousands digit of 119124?
1
What is the hundreds digit of 1304529?
5
What is the hundreds digit of 15866609?
6
What is the hundred thousands digit of 1438988?
4
What is the hundreds digit of 911039?
0
What is the thousands digit of 3836708?
6
What is the units digit of 117882?
2
What is the hundreds digit of 735633?
6
What is the hundred thousands digit of 140924?
1
What is the ten thousands digit of 1444866?
4
What is the tens digit of 473415?
1
What is the ten thousands digit of 2999541?
9
What is the units digit of 527546?
6
What is the millions digit of 1220819?
1
What is the units digit of 405152?
2
What is the millions digit of 5539838?
5
What is the ten thousands digit of 135380?
3
What is the tens digit of 725450?
5
What is the hundred thousands digit of 100756?
1
What is the ten thousands digit of 366412?
6
What is the hundred thousands digit of 10455700?
4
What is the ten thousands digit of 8853063?
5
What is the hundreds digit of 8407781?
7
What is the hundred thousands digit of 45027507?
0
What is the ten thousands digit of 222127?
2
What is the thousands digit of 332791?
2
What is th